{"id":7,"date":"2016-05-05T15:05:11","date_gmt":"2016-05-05T14:05:11","guid":{"rendered":"http:\/\/cahierstgdc.com\/?page_id=7"},"modified":"2026-03-30T21:20:32","modified_gmt":"2026-03-30T20:20:32","slug":"editorial-board","status":"publish","type":"page","link":"https:\/\/cahierstgdc.com\/index.php\/editorial-board\/","title":{"rendered":"Editorial Board"},"content":{"rendered":"<p><span style=\"color: #508273;\"><em><strong>Editors-in-chief<\/strong><\/em><\/span><\/p>\n<table style=\"width: 547.483px; height: 180px;\">\n<tbody>\n<tr style=\"height: 112px;\">\n<td style=\"height: 112px;\"><span style=\"font-size: 12px;\"><a href=\"https:\/\/mes-ehres.fr\/\" target=\"_blank\" rel=\"noopener noreferrer\">Andr\u00e9e C. Ehresmann<br \/><\/a>Universit\u00e9 de Picardie Jules Verne<\/span><span style=\"font-size: 12px;\">, LAMFA<br \/>33 rue Saint-Leu<\/span> <span style=\"font-size: 12px;\">80039 Amiens, France<br \/>Send an <a href=\"mailto:ehres@u-picardie.fr\">e-mail<\/a><\/span><\/td>\n<\/tr>\n<tr style=\"height: 84px;\">\n<td style=\"height: 84px;\"><span style=\"font-size: 12px;\">Ren\u00e9 Guitart<br \/>Universit\u00e9 de Paris, France<br \/>Send an <a href=\"mailto:rene.guitart@orange.fr\">e-mail<\/a><br \/><\/span><\/td>\n<\/tr>\n<\/tbody>\n<\/table>\n<p><span style=\"color: #508273;\"><em><strong>Managing editors<\/strong><\/em><\/span><\/p>\n<table style=\"width: 547px; height: 180px;\">\n<tbody>\n<tr style=\"height: 84px;\">\n<td style=\"height: 84px;\"><span style=\"font-size: 12px;\"><a href=\"http:\/\/perso.uclouvain.be\/marino.gran\/\" target=\"_blank\" rel=\"noopener noreferrer\">Marino Gran<br \/><\/a>Universit\u00e9 catholique de Louvain, Belgium<br \/>Send an <a href=\"mailto:marino.gran@uclouvain.be\">e-mail<\/a><\/span><\/td>\n<\/tr>\n<tr style=\"height: 84px;\">\n<td><span style=\"font-size: 12px;\"><a href=\"http:\/\/www-lmpa.univ-littoral.fr\/~stubbe\/\" target=\"_blank\" rel=\"noopener noreferrer\">Isar Stubbe<br \/><\/a>Universit\u00e9 du Littoral-C\u00f4te d&#8217;Opale, France<br \/><\/span><span style=\"font-size: 12px;\"><a href=\"mailto:isar.stubbe@univ-littoral.fr \">Send an e-mail<\/a><\/span><\/td>\n<\/tr>\n<\/tbody>\n<\/table>\n<p><span style=\"color: #508273; font-size: 16px;\"><strong><em>Editors<\/em><\/strong><\/span><\/p>\n<table style=\"width: 553px;\">\n<tbody>\n<tr style=\"height: 56px;\">\n<td style=\"width: 429.167px; height: 56px;\"><span style=\"font-size: 12px;\"><a href=\"https:\/\/math.feld.cvut.cz\/adamek\/\" target=\"_blank\" rel=\"noopener noreferrer\">Jir\u00ed\u00a0Ad\u00e1mek <br \/><\/a>Technische Universit\u00e4t Braunschweig, Germany<\/span><\/td>\n<td style=\"width: 90.8333px; height: 56px;\"><span style=\"font-size: 12px;\"><a href=\"mailto:J.Adamek@tu-bs.de\">E-mail<\/a><\/span><\/td>\n<\/tr>\n<tr style=\"height: 56px;\">\n<td style=\"width: 429.167px; height: 56px;\"><span style=\"font-size: 12px;\"><a href=\"http:\/\/math.unice.fr\/~cberger\/\" target=\"_blank\" rel=\"noopener noreferrer\">Clemens Berger<\/a><\/span> <span style=\"font-size: 12px;\"> <br \/>Universit\u00e9 de Nice-Sofia Antipolis, France<\/span><\/td>\n<td style=\"width: 90.8333px; height: 56px;\"><span style=\"font-size: 12px;\"><a href=\"mailto:Clemens.BERGER@univ-cotedazur.fr\">E-mail<\/a><\/span><\/td>\n<\/tr>\n<tr style=\"height: 56px;\">\n<td style=\"width: 429.167px; height: 56px;\"><span style=\"font-size: 12px;\">Marta Bunge \u2671<br \/>McGill University, Canada<\/span><\/td>\n<td style=\"width: 90.8333px; height: 56px;\">\u00a0<\/td>\n<\/tr>\n<tr style=\"height: 56px;\">\n<td style=\"width: 429.167px; height: 56px;\"><span style=\"font-size: 12px;\"><a href=\"http:\/\/www.mat.uc.pt\/~mmc\/\" target=\"_blank\" rel=\"noopener noreferrer\">Maria Manuel Clementino<\/a><\/span> <span style=\"font-size: 12px;\"> <br \/>Universidade de Coimbra, Portugal<\/span><\/td>\n<td style=\"width: 90.8333px; height: 56px; text-align: left;\">\u00a0<span style=\"font-size: 12px;\"><a href=\"mailto:mmc@mat.uc.pt\">E-mail<\/a><\/span><\/td>\n<\/tr>\n<tr style=\"height: 56px;\">\n<td style=\"width: 429.167px; height: 56px;\"><span style=\"font-size: 12px;\"><a href=\"http:\/\/zurab.online\" target=\"_blank\" rel=\"noopener noreferrer\">Zurab Janelidze <br \/><\/a>Stellenbosch University, South Africa<\/span><\/td>\n<td style=\"width: 90.8333px; height: 56px;\">\u00a0<span style=\"font-size: 12px;\"><a href=\"mailto:zurab@sun.ac.za\">E-mail<\/a><\/span><\/td>\n<\/tr>\n<tr style=\"height: 56px;\">\n<td style=\"width: 429.167px; height: 56px;\"><span style=\"font-size: 12px;\"><a href=\"https:\/\/www.dpmms.cam.ac.uk\/person\/ptj1000\" target=\"_blank\" rel=\"noopener noreferrer\">Peter Johnstone <br \/><\/a>University of Cambridge, United Kingdom<\/span><\/td>\n<td style=\"width: 90.8333px; height: 56px;\"><span style=\"font-size: 12px;\">\u00a0<a href=\"mailto:P.T.Johnstone@dpmms.cam.ac.uk\">E-mail<\/a><\/span><\/td>\n<\/tr>\n<tr style=\"height: 56px;\">\n<td style=\"width: 429.167px; height: 56px;\"><span style=\"font-size: 12px;\"><a href=\"http:\/\/home.imf.au.dk\/kock\/\" target=\"_blank\" rel=\"noopener noreferrer\">Anders Kock<\/a><\/span> <span style=\"font-size: 12px;\"> <br \/>Aarhus University, Danemark<\/span><\/td>\n<td style=\"width: 90.8333px; height: 56px;\"><span style=\"font-size: 12px;\"><a href=\"mailto:kock@imf.au.dk\">E-mail<\/a><\/span><\/td>\n<\/tr>\n<tr style=\"height: 56px;\">\n<td style=\"width: 429.167px; height: 56px;\"><span style=\"font-size: 12px;\">Stephen Lack <br \/>Macquarie University, Australia<\/span><\/td>\n<td style=\"width: 90.8333px; height: 56px;\">\u00a0<span style=\"font-size: 12px;\"><a href=\"mailto:steve.lack@mq.edu.au\">E-mail<\/a><\/span><\/td>\n<\/tr>\n<tr style=\"height: 56px;\">\n<td style=\"width: 429.167px; height: 56px;\"><span style=\"font-size: 12px;\"><a href=\"http:\/\/www.mat.unimi.it\/users\/mantovani\/\" target=\"_blank\" rel=\"noopener noreferrer\">Sandra Mantovani <br \/><\/a>Universit\u00e0 degli Studi di Milano, Italy<\/span><\/td>\n<td style=\"width: 90.8333px; height: 56px;\">\u00a0<span style=\"font-size: 12px;\"><a href=\"mailto:Sandra.Mantovani@unimi.it\">E-mail<\/a><\/span><\/td>\n<\/tr>\n<tr style=\"height: 56px;\">\n<td style=\"width: 429.167px; height: 56px;\"><span style=\"font-size: 12px;\">Tim Porter<\/span> <span style=\"font-size: 12px;\"> <br \/><code><\/code><code><\/code><code><\/code>University of Wales, United Kingdom<\/span><\/td>\n<td style=\"width: 90.8333px; height: 56px;\">\u00a0<span style=\"font-size: 12px;\"><a href=\"mailto:t.porter.maths@gmail.com\">E-mail<\/a><\/span><\/td>\n<\/tr>\n<tr style=\"height: 56px;\">\n<td style=\"width: 429.167px; height: 56px;\"><span style=\"font-size: 12px;\"><a href=\"https:\/\/www.dal.ca\/faculty\/science\/math-stats\/faculty-staff\/our-faculty\/mathematics\/dorette-pronk.html\" target=\"_blank\" rel=\"noopener noreferrer\">Dorette Pronk<\/a> <br \/>Dalhousie University, Canada<\/span><\/td>\n<td style=\"width: 90.8333px; height: 56px;\"><span style=\"font-size: 12px;\"><a href=\"mailto:Dorette.Pronk@dal.ca\">E-mail<\/a><\/span><\/td>\n<\/tr>\n<tr style=\"height: 56px;\">\n<td style=\"width: 429.167px; height: 56px;\"><span style=\"font-size: 12px;\"><a href=\"http:\/\/maths.mq.edu.au\/~street\/\" target=\"_blank\" rel=\"noopener noreferrer\">Ross Street <br \/><\/a>Macquarie University, Australia<\/span><\/td>\n<td style=\"width: 90.8333px; height: 56px;\"><span style=\"font-size: 12px;\"><a href=\"mailto:ross.street@mq.edu.au\">E-mail<\/a><\/span><\/td>\n<\/tr>\n<tr style=\"height: 56px;\">\n<td style=\"width: 429.167px; height: 56px;\"><span style=\"font-size: 12px;\"><a href=\"http:\/\/www.math.ntua.gr\/~cvasilak\/\" target=\"_blank\" rel=\"noopener noreferrer\">Christina Vasilakopoulou <br \/><\/a>National Technical University of Athens, Greece<\/span><\/td>\n<td style=\"width: 90.8333px; height: 56px;\"><span style=\"font-size: 12px;\"><a href=\"mailto:cvasilak@math.ntua.gr\">E-mail<\/a><\/span><\/td>\n<\/tr>\n<\/tbody>\n<\/table>\n\n\n\n\n<p><\/p>\n","protected":false},"excerpt":{"rendered":"<p>Editors-in-chief Andr\u00e9e C. EhresmannUniversit\u00e9 de Picardie Jules Verne, LAMFA33 rue Saint-Leu 80039 Amiens, FranceSend an e-mail Ren\u00e9 GuitartUniversit\u00e9 de Paris, FranceSend an e-mail Managing editors Marino GranUniversit\u00e9 catholique de Louvain, BelgiumSend an e-mail Isar StubbeUniversit\u00e9 du Littoral-C\u00f4te d&#8217;Opale, FranceSend an e-mail Editors Jir\u00ed\u00a0Ad\u00e1mek Technische Universit\u00e4t Braunschweig, Germany E-mail Clemens Berger Universit\u00e9 de Nice-Sofia Antipolis, France &hellip; <a href=\"https:\/\/cahierstgdc.com\/index.php\/editorial-board\/\" class=\"more-link\">Continue reading <span class=\"screen-reader-text\">Editorial Board<\/span><\/a><\/p>\n","protected":false},"author":1,"featured_media":0,"parent":0,"menu_order":0,"comment_status":"closed","ping_status":"closed","template":"","meta":{"footnotes":""},"class_list":["post-7","page","type-page","status-publish","hentry"],"_links":{"self":[{"href":"https:\/\/cahierstgdc.com\/index.php\/wp-json\/wp\/v2\/pages\/7","targetHints":{"allow":["GET"]}}],"collection":[{"href":"https:\/\/cahierstgdc.com\/index.php\/wp-json\/wp\/v2\/pages"}],"about":[{"href":"https:\/\/cahierstgdc.com\/index.php\/wp-json\/wp\/v2\/types\/page"}],"author":[{"embeddable":true,"href":"https:\/\/cahierstgdc.com\/index.php\/wp-json\/wp\/v2\/users\/1"}],"replies":[{"embeddable":true,"href":"https:\/\/cahierstgdc.com\/index.php\/wp-json\/wp\/v2\/comments?post=7"}],"version-history":[{"count":84,"href":"https:\/\/cahierstgdc.com\/index.php\/wp-json\/wp\/v2\/pages\/7\/revisions"}],"predecessor-version":[{"id":1622,"href":"https:\/\/cahierstgdc.com\/index.php\/wp-json\/wp\/v2\/pages\/7\/revisions\/1622"}],"wp:attachment":[{"href":"https:\/\/cahierstgdc.com\/index.php\/wp-json\/wp\/v2\/media?parent=7"}],"curies":[{"name":"wp","href":"https:\/\/api.w.org\/{rel}","templated":true}]}}