{"id":738,"date":"2018-01-14T12:07:48","date_gmt":"2018-01-14T11:07:48","guid":{"rendered":"http:\/\/cahierstgdc.com\/?page_id=738"},"modified":"2018-01-14T12:07:48","modified_gmt":"2018-01-14T11:07:48","slug":"volume-lviii-2017","status":"publish","type":"page","link":"https:\/\/cahierstgdc.com\/index.php\/volume-lviii-2017\/","title":{"rendered":"Volume LVIII (2017)"},"content":{"rendered":"<p><strong><span style=\"font-family: arial,helvetica,sans-serif; font-size: 14px; color: #8c9a82;\"><a href=\"#1\">Issue 1<\/a> I <a href=\"#2\">Issue 2<\/a> I <a href=\"#3\">Issues 3 and 4<\/a> I <\/span><\/strong><\/p>\n<p><a name=\"1\"><\/a>Issue 1<br \/>\n <span style=\"font-family: Verdana,Arial,Helvetica,sans-serif; font-size: 12px;\"><a href=\"http:\/\/cahierstgdc.com\/wp-content\/uploads\/2018\/01\/Grandis-Par\u00e9-58-1.pdf\">Adjoints for multiple categories (On weak and lax multiple categories, III)<\/a><br \/>\n Pages 3-48<br \/>\n Marco Grandis, Robert Par\u00e9 <\/span><\/p>\n<p><span style=\"font-family: Verdana,Arial,Helvetica,sans-serif; font-size: 12px;\"><a href=\"http:\/\/cahierstgdc.com\/wp-content\/uploads\/2018\/01\/Barr-58-1.pdf\">On certain topological *-autonomous categories<\/a><br \/>\n Pages 49-66<br \/>\n Michael Barr<\/span><\/p>\n<p><span style=\"font-family: Verdana,Arial,Helvetica,sans-serif; font-size: 12px;\"><a href=\"http:\/\/cahierstgdc.com\/wp-content\/uploads\/2018\/01\/Guitart-58-1.pdf\">Autocategories: III. Representations, and expansions of previous examples<\/a><br \/>\n Pages 67-80<br \/>\n Ren\u00e9 Guitart<\/span><\/p>\n<p><a name=\"2\"><\/a>Issue 2<br \/>\n <span style=\"font-family: Verdana,Arial,Helvetica,sans-serif; font-size: 12px;\"><a href=\"http:\/\/cahierstgdc.com\/wp-content\/uploads\/2018\/01\/May-al._58-2.pdf\">The homotopy theory of equivariant posets<\/a><br \/>\n Pages 82-114<br \/>\n Peter May, Inna Zakharevich, Marc Stephan<br \/>\n <\/span><\/p>\n<p><span style=\"font-family: Verdana,Arial,Helvetica,sans-serif; font-size: 12px;\"><a href=\"http:\/\/cahierstgdc.com\/wp-content\/uploads\/2018\/01\/Kock-58-2.pdf\">Affine combinations in affine schemes<\/a><br \/>\n Pages 115-130<br \/>\n Anders Kock<br \/>\n <\/span><\/p>\n<p><span style=\"font-family: Verdana,Arial,Helvetica,sans-serif; font-size: 12px;\"><a href=\"http:\/\/cahierstgdc.com\/wp-content\/uploads\/2018\/01\/Aoli-Kuribayashi-58-2.pdf\">On the category of stratifolds<\/a><br \/>\n Pages 131-160<br \/>\n Toshiki Aoki, Katsuhico Kuribayashi<br \/>\n <\/span><\/p>\n<p><a name=\"3\"><\/a>Issues 3 and 4<br \/>\n <span style=\"font-family: Verdana,Arial,Helvetica,sans-serif; font-size: 12px;\"><a href=\"http:\/\/cahierstgdc.com\/wp-content\/uploads\/2018\/01\/Grandis-Janelidze-Marki-58_3_4.pdf\">Two-and one-dimensional combinatorial exactness structures in Kurosh\u2013Amitsur radical theory, I<\/a><br \/>\n Pages 165-188<br \/>\n Marco Grandis, George Janelidze, L\u00e1szl\u00f3 M\u00e1rki<br \/>\n <\/span><\/p>\n<p><span style=\"font-family: Verdana,Arial,Helvetica,sans-serif; font-size: 12px;\"><a href=\"http:\/\/cahierstgdc.com\/wp-content\/uploads\/2018\/01\/Tull-58-34.pdf\">Condition for an n-permutable category to be Mal&#8217;tsev<\/a><br \/>\n Pages 189-194<br \/>\n Sean Tull<br \/>\n <\/span><\/p>\n<p><span style=\"font-family: Verdana,Arial,Helvetica,sans-serif; font-size: 12px;\"><a href=\"http:\/\/cahierstgdc.com\/wp-content\/uploads\/2018\/01\/Grandis-Par\u00e9-58-34.pdf\">A multiple category of multiple lax categories<\/a><br \/>\n Pages 195-212<br \/>\n Marco Grandis, Robert Par\u00e9<br \/>\n <\/span><\/p>\n<p><span style=\"font-family: Verdana,Arial,Helvetica,sans-serif; font-size: 12px;\"><a href=\"http:\/\/cahierstgdc.com\/wp-content\/uploads\/2018\/01\/Vickers-58-34.pdf\">Arithmetic universes and classifying toposes <\/a><br \/>\n Pages 213-248<br \/>\n Steven Vickers<br \/>\n <\/span><\/p>\n","protected":false},"excerpt":{"rendered":"<p>Issue 1 I Issue 2 I Issues 3 and 4 I Issue 1 Adjoints for multiple categories (On weak and lax multiple categories, III) Pages 3-48 Marco Grandis, Robert Par\u00e9 On certain topological *-autonomous categories Pages 49-66 Michael Barr Autocategories: III. Representations, and expansions of previous examples Pages 67-80 Ren\u00e9 Guitart Issue 2 The homotopy &hellip; <a href=\"https:\/\/cahierstgdc.com\/index.php\/volume-lviii-2017\/\" class=\"more-link\">Continue reading <span class=\"screen-reader-text\">Volume LVIII (2017)<\/span><\/a><\/p>\n","protected":false},"author":1,"featured_media":0,"parent":0,"menu_order":0,"comment_status":"closed","ping_status":"closed","template":"","meta":{"footnotes":""},"class_list":["post-738","page","type-page","status-publish","hentry"],"_links":{"self":[{"href":"https:\/\/cahierstgdc.com\/index.php\/wp-json\/wp\/v2\/pages\/738","targetHints":{"allow":["GET"]}}],"collection":[{"href":"https:\/\/cahierstgdc.com\/index.php\/wp-json\/wp\/v2\/pages"}],"about":[{"href":"https:\/\/cahierstgdc.com\/index.php\/wp-json\/wp\/v2\/types\/page"}],"author":[{"embeddable":true,"href":"https:\/\/cahierstgdc.com\/index.php\/wp-json\/wp\/v2\/users\/1"}],"replies":[{"embeddable":true,"href":"https:\/\/cahierstgdc.com\/index.php\/wp-json\/wp\/v2\/comments?post=738"}],"version-history":[{"count":8,"href":"https:\/\/cahierstgdc.com\/index.php\/wp-json\/wp\/v2\/pages\/738\/revisions"}],"predecessor-version":[{"id":756,"href":"https:\/\/cahierstgdc.com\/index.php\/wp-json\/wp\/v2\/pages\/738\/revisions\/756"}],"wp:attachment":[{"href":"https:\/\/cahierstgdc.com\/index.php\/wp-json\/wp\/v2\/media?parent=738"}],"curies":[{"name":"wp","href":"https:\/\/api.w.org\/{rel}","templated":true}]}}